actors of 1706190169.
239, 433, 16487
List the prime factors of 251815175.
5, 10072607
What are the prime factors of 663133070?
2, 5, 66313307
List the prime factors of 4624457794.
2, 11, 661, 318007
List the prime factors of 7876164410.
2, 5, 113, 197, 35381
What are the prime factors of 1096423900?
2, 5, 11, 13, 76673
List the prime factors of 61460086.
2, 109, 281927
List the prime factors of 116589727.
43, 61, 44449
List the prime factors of 39574434.
2, 3, 1973, 3343
What are the prime factors of 53977737?
3, 11, 17, 8747
What are the prime factors of 351254981?
7, 11, 93097
What are the prime factors of 243585817?
31, 7857607
What are the prime factors of 243764519?
243764519
What are the prime factors of 1286232?
2, 3, 53593
What are the prime factors of 666241686?
2, 3, 11, 137, 2729
List the prime factors of 1032370620.
2, 3, 5, 167, 197, 523
What are the prime factors of 2753725908?
2, 3, 31, 7402489
List the prime factors of 56764118.
2, 28382059
What are the prime factors of 175688738?
2, 389, 225821
List the prime factors of 90103688.
2, 97, 116113
List the prime factors of 248243994.
2, 3, 4597111
List the prime factors of 780283656.
2, 3, 409, 26497
List the prime factors of 66202398.
2, 3, 37, 107, 929
List the prime factors of 3072606.
2, 3, 512101
List the prime factors of 330584178.
2, 3, 1361, 40483
What are the prime factors of 135640090?
2, 5, 13564009
List the prime factors of 2200256849.
7, 991, 6473
List the prime factors of 76782297.
3, 25594099
What are the prime factors of 321985863?
3, 35776207
List the prime factors of 2207438620.
2, 5, 19, 1039, 5591
What are the prime factors of 182516687?
5647, 32321
What are the prime factors of 38730215?
5, 797, 9719
What are the prime factors of 33001328?
2, 19, 108557
What are the prime factors of 1857988221?
3, 22777, 27191
List the prime factors of 41658148.
2, 7, 263, 5657
List the prime factors of 751345489.
3023, 248543
List the prime factors of 2551625713.
7, 13, 1297, 1663
What are the prime factors of 899867880?
2, 3, 5, 43, 2153
List the prime factors of 15447833.
37, 417509
List the prime factors of 9153806.
2, 4576903
What are the prime factors of 195409740?
2, 3, 5, 31, 3389
What are the prime factors of 31608632?
2, 11, 71, 5059
What are the prime factors of 100589897?
100589897
List the prime factors of 32503794.
2, 3, 19, 285121
What are the prime factors of 3858918457?
3858918457
What are the prime factors of 258325343?
258325343
List the prime factors of 3556284304.
2, 37, 2239, 2683
What are the prime factors of 100538986?
2, 17, 53, 55793
List the prime factors of 2038242704.
2, 23, 5538703
What are the prime factors of 30149444?
2, 13, 29, 19993
What are the prime factors of 3879348879?
3, 7, 29, 37, 107, 1609
List the prime factors of 44169042.
2, 3, 7361507
List the prime factors of 81987677.
2861, 28657
List the prime factors of 25167186.
2, 3, 11, 29, 487
List the prime factors of 740468162.
2, 7, 241, 219463
What are the prime factors of 1007090040?
2, 3, 5, 11, 227, 3361
List the prime factors of 3353042193.
3, 163, 6856937
List the prime factors of 4757542689.
3, 31, 1499, 34127
List the prime factors of 102139482.
2, 3, 31, 101, 5437
What are the prime factors of 15059484?
2, 3, 11, 17, 2237
List the prime factors of 102751846.
2, 1579, 32537
What are the prime factors of 21334242?
2, 3, 503, 7069
List the prime factors of 54625572.
2, 3, 1517377
List the prime factors of 619691337.
3, 59, 71, 5479
What are the prime factors of 663381506?
2, 331690753
List the prime factors of 1162233112.
2, 3607, 40277
What are the prime factors of 68409314?
2, 23, 1487159
What are the prime factors of 2237785681?
3863, 579287
What are the prime factors of 1153220250?
2, 3, 5, 7, 13, 61, 277
List the prime factors of 138633601.
29, 2137, 2237
List the prime factors of 12793895.
5, 2558779
What are the prime factors of 339950802?
2, 3, 17, 59, 56489
List the prime factors of 14911261.
17, 877133
What are the prime factors of 4888099?
593, 8243
What are the prime factors of 523451763?
3, 58161307
What are the prime factors of 1130864361?
3, 11, 17, 2015801
What are the prime factors of 3957502220?
2, 5, 7, 619, 45667
List the prime factors of 2366526230.
2, 5, 113, 2094271
What are the prime factors of 38675482?
2, 67, 349, 827
List the prime factors of 159195805.
5, 2683, 11867
What are the prime factors of 276717729?
3, 19, 59, 107, 769
List the prime factors of 7171120.
2, 5, 11, 29, 281
What are the prime factors of 508283082?
2, 3, 28237949
What are the prime factors of 192274043?
13, 23, 73, 383
List the prime factors of 692478199.
7, 19, 37, 109, 1291
List the prime factors of 2802940309.
13, 215610793
List the prime factors of 44711275.
5, 7, 17, 19, 113
What are the prime factors of 3046621365?
3, 5, 2851, 23747
List the prime factors of 1566430151.
11, 13, 10954057
List the prime factors of 92438443.
3469, 26647
List the prime factors of 76091605.
5, 15218321
What are the prime factors of 96343407?
3, 97, 110359
List the prime factors of 264268714.
2, 61, 2166137
What are the prime factors of 1140782280?
2, 3, 5, 11, 17, 29, 1753
What are the prime factors of 30185064?
2, 3, 7, 13, 17, 271
List the prime factors of 51278870.
2, 5, 617, 8311
What are the prime factors of 62705044?
2, 17, 277, 3329
What are the prime factors of 95267084?
2, 11, 499, 4339
List the prime factors of 83790379.
83790379
What are the prime factors of 3554651672?
2, 11, 13, 241, 12893
List the prime factors of 59539912.
2, 7442489
List the prime factors of 3485337725.
5, 139413509
What are the prime factors of 5467865549?
6067, 901247
What are the prime factors of 29825846?
2, 14912923
List the prime factors of 1439274065.
5, 5669, 50777
What are the prime factors of 154589533?
7, 47, 469877
List the prime factors of 242912016.
2, 3, 23, 71, 1033
What are the prime factors of 6002366824?
2, 8623, 87011
What are the prime factors of 45457366?
2, 47, 461, 1049
What are the prime factors of 661391641?
2347, 281803
List the prime factors of 124415810.
2, 5, 12441581
List the prime factors of 204781405.
5, 17, 2409193
List the prime factors of 675406513.
675406513
What are the prime factors of 318757855?
5, 13, 467, 10501
List the prime factors of 103189804.
2, 89, 289859
List the prime factors of 5264991987.
3, 17, 103235137
What are the prime factors of 344906404?
2, 17, 53, 95701
What are the prime factors of 338375507?
227, 1490641
What are the prime factors of 4239114237?
3, 17, 29, 318467
List the prime factors of 303941005.
5, 19, 3199379
What are the prime factors of 157423879?
131, 1201709
List the prime factors of 295676119.
19, 367, 42403
What are the prime factors of 2560944467?
2560944467
List the prime factors of 434189646.
2, 3, 11, 167, 1459
What are the prime factors of 3806886398?
2, 7, 17, 19, 841859
What are the prime factors of 287771617?
7, 41110231
List the prime factors of 119068960.
2, 5, 37, 20113
What are the prime factors of 120034028?
2, 647, 46381
List the prime factors of 488673512.
2, 149, 409961
What are the prime factors of 5707158219?
3, 7, 90589813
What are the prime factors of 941541859?
257, 3663587
List the prime factors of 457557519.
3, 197, 331, 2339
List the prime factors of 2521303103.
11, 13441, 17053
List the prime factors of 3988538104.
2, 498567263
List the prime factors of 2018470465.
5, 11, 251, 146213
What are the prime factors of 558613516?
2, 43, 71, 149, 307
What are the prime factors of 1300933595?
5, 13, 227, 88169
What are the prime factors of 570240655?
5, 617, 184843
List the prime factors of 1602384595.
5, 7, 45782417
List the prime factors of 399027328.
2, 7, 593, 751
List the prime factors of 2264649213.
3, 313, 463, 5209
List the prime factors of 2431940023.
811, 2998693
What are the prime factors of 38561583?
3, 19, 43, 15733
List the prime factors of 1925129026.
2, 23, 499, 83869
List the prime factors of 5090803930.
2, 5, 509080393
List the prime factors of 1904759446.
2, 952379723
What are the prime factors of 153192010?
2, 5, 15319201
What are the prime factors of 493074439?
11, 13, 199, 17327
What are the prime factors of 495272325?
3, 5, 1973, 3347
List the prime factors of 39164855.
5, 17, 523, 881
List the pri